 o. Give c(h).
14
Suppose -5*a - 3 = -8. Let f be (140/(-112))/(a/4). Let y(v) = -v**2 - 6*v - 3. What is y(f)?
2
Let a(m) = m**3 - 6*m**2 + m - 5. Let i be (-9)/3 + (3 - 4)*-9. Let q be a(i). Let c(s) = 2*s**2 - 1. Calculate c(q).
1
Let u be -1 - -3 - 6 - -3. Let x(v) = v**2 + 6*v + 2. Let l be x(-6). Let j(k) = -2*k - 3*k**l - 2*k**2 + k. Give j(u).
-4
Let o(t) = -3*t - 12829*t**3 + 3 + 4*t**2 - 13 + 12830*t**3. Give o(-4).
2
Let p = -18 - -21. Suppose 13 = -3*y + p*a - a, -17 = 4*y - 3*a. Let s(j) = -j**3 - 6*j**2 - 5*j - 7. Calculate s(y).
-7
Let n(z) = -z**2 - z - 1. Let k(v) = 2*v**2 + 14*v + 7. Let o(m) = k(m) + n(m). Determine o(-12).
-6
Let l(v) = -3*v**3 - v**2 + v + 1. Let x = 31 - -44. Let y = 73 - x. Give l(y).
19
Let i = 57 + -26. Let y = i - 25. Let v(l) = -3*l**2 - 10*l - 6. Let r(f) = -8*f**2 - 29*f - 18. Let x(h) = 4*r(h) - 11*v(h). Determine x(y).
-6
Let q(g) = -g**2 - 9*g - 5. Let s be q(-4). Suppose -3*n = -0*n + s. Let m(v) = -v**2 - 5*v - 3. Determine m(n).
-3
Let o(x) = x - 5. Let k(q) = -q + 2. Let d = 3 - -11. Let m be k(d). Let u = m + 17. Determine o(u).
0
Let s(x) = x**3 - 7*x**2 + 2*x - 12. Let o = -383 - -390. Give s(o).
2
Let s(p) be the second derivative of 5*p**3/6 + 5*p**2/2 + 627*p. Calculate s(2).
15
Let c = 1970 - 1978. Let r(j) be the first derivative of 3*j**2/2 + 11*j + 2. Give r(c).
-13
Let p(w) be the third derivative of w**7/840 - w**6/120 + w**5/30 - w**4/8 - 7*w**3/6 - 3*w**2 - 12. Let o(u) be the first derivative of p(u). Give o(3).
9
Suppose -s + 0*n = -n - 10, s + 2*n - 25 = 0. Let f = -13 + s. Let v(o) = -o**2 - 3*o**2 - 3*o**2 + o**f. Determine v(-1).
-6
Let o(q) be the third derivative of q**6/120 - q**5/20 - q**4/24 - q**3/2 + 3438*q**2. Suppose -4*s - v + 22 = 0, -5*v - 7 = 3. Let f = 9 - s. Calculate o(f).
-6
Let f(u) = 11*u + 1. Let d be f(1). Let i be d/(-10)*200/(-12). Suppose i = 2*z + 3*z. Let r(x) = 2*x. What is r(z)?
8
Let q be 0 + -1*(-4 - -1). Let f(d) = -4*d**2 + 2*d**2 - 7*d**3 + d**2 - d + 14*d**q. Suppose -2*x - 2 = -0. Calculate f(x).
-7
Let p(d) = -5*d - 7. Let j(h) = 3*h + 3. Let i(q) = -10*j(q) - 4*p(q). Give i(-2).
18
Let a(i) = -i**2 + 6*i + 4. Let s be a(6). Let k(u) = -3*u - s + 11 - 4. Let t be (13 - 8)/(1 + 0). Give k(t).
-12
Let u = 5 - 0. Suppose u = -3*k - j, 0*j + 4*j = -2*k - 10. Let g(d) = 7 + 6*d + 2*d - 8. Calculate g(k).
-9
Let q(v) = -v - 2 + 1 + 0 + 0. Let y be q(5). Let l(o) = o**2 + 6*o - 2. Calculate l(y).
-2
Suppose 1 = -2*s + 7. Suppose -4*u - h + s*h + 24 = 0, 0 = 2*u + 2*h - 18. Let y = -13 + u. Let g(q) = q - 2. Calculate g(y).
-8
Let r(s) = s**3 + 7*s**2 - 8*s + 6. Let m = -729 + 721. What is r(m)?
6
Let l be 0 + (-7)/(-35)*0. Let f(n) = n**2 + 6. Determine f(l).
6
Let s(z) = -11*z - 94. Let r be s(-8). Let u(g) = g**3 + 7*g**2 + 10*g + 6. Give u(r).
-18
Suppose 623 = -5*c + 3*h, -4*h = 3*c - 5*h + 377. Let j = c + 129. Let m(v) = v**3 - 2*v + 1. Determine m(j).
5
Let t(q) = -q**2 + 4*q - 1. Suppose 110*m - 104*m - 24 = 0. What is t(m)?
-1
Let p(z) = -6 - 4 - 11*z - 4 + 24 - 12. Give p(3).
-35
Let r(f) = -f**2 - f - 9. Let k(v) = -10*v - 1. Let y(z) = 31*z + 3. Let a(q) = 7*k(q) + 2*y(q). Let p be a(-3). Let o = p + -23. Calculate r(o).
-9
Let v(o) = o**3 + 6*o**2 + 5*o - 4. Suppose -4*z + 3*i + 197 = 0, 104 = -0*z + 2*z + 4*i. Suppose -6*a + 4 = -z. Suppose a + 3 = -3*y. Determine v(y).
8
Let n = -51 + 9. Let d = n + 51. Let f(z) = -z**2 + 8*z + 2. Give f(d).
-7
Let l(r) be the first derivative of -3*r + 2/3*r**3 + 6 + 3/2*r**2. Determine l(2).
11
Let r(a) be the second derivative of a**4/2 - a. Let x be r(-1). Let w(k) = 9*k**2 + 12*k**2 - 20*k**2 - 6*k + 6. What is w(x)?
6
Let r(k) = -k**3 - 8*k**2 + 10*k - 1. Let u(p) = -p**2 + p + 1. Let v(q) = -r(q) + 3*u(q). What is v(-6)?
10
Let q(v) = -14*v**2 - v + 1. Suppose 3*o + 17 = 5*x, 10*o - 9*o + x - 5 = 0. Determine q(o).
-14
Suppose 134 + 10 = 2*p. Let z = -49 + p. Suppose -2*t + 11 = 3*s - 7*t, s + 5*t = -z. Let c(o) = -2*o**3 - 5*o**2 - 3*o - 2. What is c(s)?
16
Let w(n) = n - 8. Suppose -5*s + 5*r + 15 = 0, 2*r = 3*s + 2*s - 12. Suppose 5*d + 2*m - 38 = 0, -41 + s = -5*d - m. Calculate w(d).
0
Let g = 39 - 37. Suppose -5*h - g*c - 11 = 0, h - 4*c - 10 = -h. Let d(t) = 11*t - 1. What is d(h)?
-12
Let v(t) be the first derivative of -6 - 5 + 73*t + 3*t**2 - 73*t. Determine v(-1).
-6
Suppose -4*x + 6 = 2*x. Let c(w) = 2*w - 170 - 4*w + 171. Give c(x).
-1
Let n(s) = -6*s - s**2 + 0*s**2 + 4 + 0*s**2. Let r(w) = 3*w + 61. Let d be r(-21). Let j be (9/d)/(-7*3/(-28)). Give n(j).
4
Let b(g) = g**3 - 5*g**2 + 2*g + 2. Let n = -25 + 27. Suppose z = -4*k - 40, z + z = n*k + 10. Let m = k - -12. What is b(m)?
-10
Let v(b) be the second derivative of b**4/12 + 5*b**3/6 + 5*b**2/2 - 56*b. What is v(-4)?
1
Suppose -2*y = 6 + 12. Let j = y - -13. Let l(w) be the first derivative of -w**3/3 + 2*w**2 - 4*w + 429. Calculate l(j).
-4
Let x(d) = -2*d + 11. Let h be x(7). Let q be 72/16*(-2 - h)*2. Let g(s) = -s**3 + 8*s**2 + 8*s + 5. Calculate g(q).
-4
Let x = 52 - 41. Let g(a) = -a**2 + x + 3 - 7 - 1 - 2*a. Determine g(-5).
-9
Let x be 4/10 + 38/(-95) - 1. Let n(v) = -12*v**2 - v. What is n(x)?
-11
Suppose 0 = -5*n - 4*t + 8, 3*n = -n + 5*t + 31. Let x(j) = j**3 - 6*j**2 + 6*j + 3. What is x(n)?
-5
Let n be (0 + -195)*14/(-42). Let z be (-4)/(-5) + (-52)/n. Let t(i) = -i**2 - i - 3. Give t(z).
-3
Let h(b) = -22*b - 26*b + 3 + 46*b. Let q(a) = 2*a**3 + 13*a**2 + 7*a + 8. Let s be q(-6). Determine h(s).
-1
Let w(n) be the second derivative of 3*n**2 - 7/6*n**3 - 1/12*n**4 + 17*n + 0. Calculate w(-8).
-2
Let v be -3 - (1*-2 - -1). Let k(z) be the third derivative of -38*z**2 + 1/60*z**5 + 0 + 0*z + 0*z**4 + 0*z**3. Calculate k(v).
4
Suppose t = -5*s - 13, 4*t - 7*s - 20 = -3*s. Let w(h) = -11*h - 3. Let m(n) = -23*n - 7. Let p = -18 - -12. Let b(k) = p*m(k) + 13*w(k). Give b(t).
-7
Let p(c) = 2*c**2 + 19*c + 2. Let l = 1555 + -1564. What is p(l)?
-7
Let i(s) = -s + 1. Let w(j) = 4*j - 2. Suppose -5*p + 4*p = -5. Suppose -2*x + 33 = -p*u, u + u = -4*x + 6. Let y(k) = u*i(k) - w(k). Calculate y(5).
2
Let d be (1 + (0 - -1))/(2/4). Let g(r) = -d*r**2 - 4 + 3*r**2 - r - 4*r. Give g(-5).
-4
Let x(k) = k - 10. Let i = -111 - -47. Let d = i + 64. What is x(d)?
-10
Let n(f) = 14 + 6 + 7*f - 4 - 8*f - 5. What is n(9)?
2
Let l(h) = h**3 - 8*h**2 + 6*h + 8. Let r be l(7). Suppose 0 = -3*v + 2*v. Let b(p) = 6 - 8 + v*p**2 + 3 - 3*p**3 - 2*p**2. Give b(r).
-4
Let w(l) be the second derivative of -l**4/12 + l**3/6 + 5*l**2 - 22*l + 2. What is w(-7)?
-46
Let p(x) = -x**3 - 13*x**2 - 4. Let a be (64/(-40))/((-2)/315). Suppose 5*s + a = 187. Determine p(s).
-4
Let q = 25 - 19. Let s(d) = 1 + 4*d + q - 3 - 2. Calculate s(3).
14
Let h(b) be the second derivative of -b**4/12 + b**3/2 - 3*b**2/2 - 469*b. What is h(4)?
-7
Let b be 1 + 4 + -2 + -3. Let o be -1 + (2 - b) + 2. Let d(z) = 16*z**3 + 2*z - 10*z**3 - 3 + 1 - 4*z**2 - 5*z**3. Determine d(o).
-5
Let j(x) be the first derivative of x**4/4 + 7*x**3/3 - 7*x**2/2 + x + 18. What is j(-8)?
-7
Let r(d) = -d**3 + 5*d**2 + 12*d + 10. Let t be r(7). Let p(k) = 3*k**2 + 4*k - 5. Calculate p(t).
27
Let g(n) = -n**2 - 17*n + 7. Suppose -w = -5*x + 9*x + 73, -4*x = 2*w + 78. Determine g(x).
7
Let u(s) be the third derivative of s**5/60 + 5*s**3/6 - 109*s**2. What is u(0)?
5
Let l(a) be the second derivative of a**5/10 + a**4/2 + a**3/2 + a**2/2 + 263*a. Calculate l(-4).
-43
Let c be (-152)/3*6/(-4). Let p = c + -68. Let u(a) = -a**3 + 7*a**2 + 9*a - 11. Give u(p).
-3
Let h(k) = 19*k - 3 + 25*k + 23*k - 62*k - k**3 + 3*k**2 - 2. Let p(t) = t**2 + 2*t - 4. Let m be p(-4). What is h(m)?
-1
Let u(a) = -a**3 - 5*a**2 + a + 5. Let c = 26 - 31. Determine u(c).
0
Let z(m) = -20*m + 80. Let j be z(4). Let c(w) = -2 - 3*w + 0 + 4*w. Determine c(j).
-2
Suppose 0*k + k = 21. Let o(d) = -d**3 + 20*d**2 + 20*d + 26. Let t be o(k). Let f(m) = -m**2 + 7*m + 1. Calculate f(t).
11
Let p(j) = j**3 + j**2 + 4. Suppose -9*k = -228 - 1023. Suppose 140*s = k*s. What is p(s)?
4
Let c be (12/(-10))/(3/(-10)). Suppose 0 = -2*z - 8, 5*z = -c*y - 13 - 3. Let g(d) = -4*d**2 - d - y - 12*d**2 + 17*d**2. What is g(-1)?
1
Let b(h) be the first derivative of h**3/3 + 5*h**2/2 + 6*h - 417. What is b(-3)?
0
Let j(d) = 7